{"id":2,"date":"2023-02-16T12:10:19","date_gmt":"2023-02-16T11:10:19","guid":{"rendered":"http:\/\/baublog.ub.tu-dortmund.de\/?page_id=2"},"modified":"2023-07-17T11:16:18","modified_gmt":"2023-07-17T09:16:18","slug":"about","status":"publish","type":"page","link":"https:\/\/baublog.ub.tu-dortmund.de\/index.php\/about\/","title":{"rendered":"Worum geht&#8217;s?"},"content":{"rendered":"\n<p>Die Bibliothek bekommt einen Neubau! Das Besondere: Es wird an derselben Stelle neu gebaut, an der sich das heutige Geb\u00e4ude aus dem Jahr 1976 befindet.<\/p>\n\n\n\n<p>F\u00fcr die ca. 5-j\u00e4hrige Bauphase sind umfassende Vorbereitungen n\u00f6tig. So musste f\u00fcr 1.300 Lernpl\u00e4tze, f\u00fcr eine Million gedruckte B\u00fccher und ca. 80 Mitarbeitende der UB eine Zwischenunterbringung gefunden werden. Die aufw\u00e4ndige Suche danach war Ende 2022 erfolgreich: Die Lernpl\u00e4tze werden auf den Campus, die Dortmunder Innenstadt und ein Ausweich-Bibliotheksquartier am Rande des Technologieparks verteilt, in das auch die Mitarbeiter*innen der Bibliothek einziehen.<\/p>\n\n\n\n<p>Der weniger genutzte Teil der B\u00fccher wird au\u00dferhalb des Campus untergebracht, die h\u00e4ufiger ben\u00f6tigten Best\u00e4nde befinden sich an den vier Bibliotheksstandorten auf dem Campus. Sie werden auf Bestellung bis zum n\u00e4chsten Werktag in die Emil-Figge-Str. 50 geliefert. Dort, in der <a href=\"https:\/\/ub.tu-dortmund.de\/lernen-lehren\/standorte\/emil-figge-bibliothek\/\">Emil-Figge-Bibliothek<\/a> im 1. Stock, werden in der Bauzeit zentral auf dem Campus Nord die allermeisten Bibliotheksservices angeboten, hier kann man alle bestellten B\u00fccher abholen, ausleihen und zur\u00fcckgeben.<\/p>\n\n\n\n<p>Der gr\u00f6\u00dfte Teil der aktuellen Literatur an B\u00fcchern und Zeitschriften steht TU-Angeh\u00f6rigen elektronisch zur Verf\u00fcgung und kann damit zeit- und ortsunabh\u00e4ngig genutzt werden. Gleiches gilt f\u00fcr viele Beratungs- und Schulungsangebote, die im Bedarfsfall auch <a href=\"https:\/\/ub.tu-dortmund.de\/die-ub\/feedback\/anmeldung-zum-videochat\/\">per Videokonferenz<\/a>, im <a href=\"https:\/\/mibew.ub.tu-dortmund.de\/mibew\/index.php\/chat?locale=de\">Chat<\/a> oder per <a href=\"https:\/\/ub.tu-dortmund.de\/die-ub\/feedback\/\">E-Mail<\/a> bereitstehen.<\/p>\n\n\n\n<p><img loading=\"lazy\" decoding=\"async\" src=\"https:\/\/baublog.ub.tu-dortmund.de\/wp-content\/uploads\/2023\/04\/flag-english.gif\" alt=\"\" width=\"18\" height=\"14\"> <strong>What&#8217;s it about?<\/strong><\/p>\n\n\n\n<p>The library gets a new building! The special thing: It will be constructed where the old building from 1976 currently stands. <\/p>\n\n\n\n<p>Extensive preparations are necessary for the approximately 5-year construction phase. For example, interim accommodation had to be found for 1,300 study places, for one million printed books and about 80 UB employees. The extensive search for this was successful at the end of 2022: the learning spaces will be distributed across the campus, the Dortmund city center and an alternative library quarter on the edge of the Technology Park, into which the library staff will also move.<\/p>\n\n\n\n<p>The lesser-used books will be housed off campus, while the more frequently used items will be located at the four library locations on campus. They will be delivered by order to Emil-Figge-Str. 50 by the next business day. There, in the <a href=\"https:\/\/ub.tu-dortmund.de\/lernen-lehren\/standorte\/emil-figge-bibliothek\/\">Emil-Figge-Bibliothek<\/a> on the 1st floor, the vast majority of library services will be offered during the construction period; here, all ordered books can be picked up, borrowed and returned.<\/p>\n\n\n\n<p>Most of the current literature in books and journals is available to TU members electronically and can be used regardless of time and place. The same applies to many consultations and trainings, which are also available via <a href=\"https:\/\/ub.tu-dortmund.de\/die-ub\/feedback\/anmeldung-zum-videochat\/\">video conference<\/a>, <a href=\"https:\/\/mibew.ub.tu-dortmund.de\/mibew\/index.php\/chat?locale=de\">chat<\/a> or <a href=\"http:\/\/Der gr\u00f6\u00dfte Teil der aktuellen Literatur an B\u00fcchern und Zeitschriften steht TU-Angeh\u00f6rigen elektronisch zur Verf\u00fcgung und kann damit zeit- und ortsunabh\u00e4ngig genutzt werden. Gleiches gilt f\u00fcr viele Beratungs- und Schulungsangebote, die im Bedarfsfall auch per Videokonferenz, im Chat oder per E-Mail bereitstehen.\">e-mail<\/a> if necessary.<\/p>\n","protected":false},"excerpt":{"rendered":"<p>Die Bibliothek bekommt einen Neubau! Das Besondere: Es wird an derselben Stelle neu gebaut, an der sich das heutige Geb\u00e4ude aus dem Jahr 1976 befindet. F\u00fcr die ca. 5-j\u00e4hrige Bauphase sind umfassende Vorbereitungen n\u00f6tig. So musste f\u00fcr 1.300 Lernpl\u00e4tze, f\u00fcr eine Million gedruckte B\u00fccher und ca. 80 Mitarbeitende der UB eine Zwischenunterbringung gefunden werden. Die [&hellip;]<\/p>\n","protected":false},"author":1,"featured_media":0,"parent":0,"menu_order":0,"comment_status":"closed","ping_status":"closed","template":"","meta":{"footnotes":""},"class_list":["post-2","page","type-page","status-publish","hentry"],"_links":{"self":[{"href":"https:\/\/baublog.ub.tu-dortmund.de\/index.php\/wp-json\/wp\/v2\/pages\/2","targetHints":{"allow":["GET"]}}],"collection":[{"href":"https:\/\/baublog.ub.tu-dortmund.de\/index.php\/wp-json\/wp\/v2\/pages"}],"about":[{"href":"https:\/\/baublog.ub.tu-dortmund.de\/index.php\/wp-json\/wp\/v2\/types\/page"}],"author":[{"embeddable":true,"href":"https:\/\/baublog.ub.tu-dortmund.de\/index.php\/wp-json\/wp\/v2\/users\/1"}],"replies":[{"embeddable":true,"href":"https:\/\/baublog.ub.tu-dortmund.de\/index.php\/wp-json\/wp\/v2\/comments?post=2"}],"version-history":[{"count":10,"href":"https:\/\/baublog.ub.tu-dortmund.de\/index.php\/wp-json\/wp\/v2\/pages\/2\/revisions"}],"predecessor-version":[{"id":563,"href":"https:\/\/baublog.ub.tu-dortmund.de\/index.php\/wp-json\/wp\/v2\/pages\/2\/revisions\/563"}],"wp:attachment":[{"href":"https:\/\/baublog.ub.tu-dortmund.de\/index.php\/wp-json\/wp\/v2\/media?parent=2"}],"curies":[{"name":"wp","href":"https:\/\/api.w.org\/{rel}","templated":true}]}}